emainder when 334 is divided by 48.
46
Calculate the remainder when 46347 is divided by 156.
15
Calculate the remainder when 6504 is divided by 1487.
556
Calculate the remainder when 8420 is divided by 78.
74
What is the remainder when 40259 is divided by 6701?
53
Calculate the remainder when 62565 is divided by 15584.
229
What is the remainder when 67881 is divided by 3?
0
What is the remainder when 3109 is divided by 1507?
95
What is the remainder when 3186 is divided by 46?
12
What is the remainder when 51744 is divided by 25868?
8
What is the remainder when 35913 is divided by 1982?
237
Calculate the remainder when 49832 is divided by 49.
48
Calculate the remainder when 122627 is divided by 1572.
11
Calculate the remainder when 8036 is divided by 8019.
17
What is the remainder when 1663 is divided by 24?
7
What is the remainder when 3530 is divided by 976?
602
What is the remainder when 200328 is divided by 66752?
72
Calculate the remainder when 1357 is divided by 1339.
18
Calculate the remainder when 3821 is divided by 10.
1
Calculate the remainder when 3119 is divided by 1391.
337
Calculate the remainder when 365558 is divided by 13.
11
Calculate the remainder when 327062 is divided by 114.
110
What is the remainder when 28863 is divided by 82?
81
What is the remainder when 5515 is divided by 4918?
597
What is the remainder when 118894 is divided by 43?
42
Calculate the remainder when 9823 is divided by 25.
23
Calculate the remainder when 21115 is divided by 10523.
69
What is the remainder when 2548 is divided by 422?
16
What is the remainder when 15032 is divided by 273?
17
Calculate the remainder when 113391 is divided by 288.
207
What is the remainder when 133482 is divided by 19060?
62
Calculate the remainder when 5159 is divided by 120.
119
Calculate the remainder when 61517 is divided by 5.
2
What is the remainder when 1523 is divided by 72?
11
Calculate the remainder when 4085 is divided by 454.
453
Calculate the remainder when 4913 is divided by 198.
161
What is the remainder when 181218 is divided by 394?
372
What is the remainder when 22951 is divided by 86?
75
Calculate the remainder when 53278 is divided by 720.
718
What is the remainder when 748 is divided by 260?
228
Calculate the remainder when 1230444 is divided by 7.
5
What is the remainder when 1065 is divided by 456?
153
What is the remainder when 37724 is divided by 988?
180
Calculate the remainder when 1604 is divided by 803.
801
Calculate the remainder when 13340 is divided by 48.
44
Calculate the remainder when 35892 is divided by 609.
570
What is the remainder when 7581 is divided by 1083?
0
Calculate the remainder when 6226 is divided by 154.
66
What is the remainder when 273344 is divided by 355?
349
What is the remainder when 20583 is divided by 39?
30
Calculate the remainder when 14915 is divided by 7447.
21
Calculate the remainder when 148039 is divided by 148004.
35
Calculate the remainder when 28910 is divided by 655.
90
What is the remainder when 932 is divided by 106?
84
What is the remainder when 254853 is divided by 143?
27
Calculate the remainder when 743900 is divided by 162.
158
Calculate the remainder when 4269 is divided by 122.
121
What is the remainder when 74285 is divided by 1004?
993
What is the remainder when 109281 is divided by 11?
7
What is the remainder when 558017 is divided by 196?
5
What is the remainder when 4813 is divided by 4782?
31
Calculate the remainder when 86630 is divided by 1468.
18
What is the remainder when 3640616 is divided by 94?
90
Calculate the remainder when 1480 is divided by 445.
145
Calculate the remainder when 70912 is divided by 23609.
85
Calculate the remainder when 613539 is divided by 40902.
9
Calculate the remainder when 129096 is divided by 2082.
12
What is the remainder when 1836 is divided by 154?
142
Calculate the remainder when 47013 is divided by 347.
168
What is the remainder when 58572 is divided by 145?
137
Calculate the remainder when 6328 is divided by 2045.
193
Calculate the remainder when 55706 is divided by 7925.
231
What is the remainder when 658 is divided by 629?
29
What is the remainder when 10972 is divided by 13?
0
What is the remainder when 25517 is divided by 47?
43
Calculate the remainder when 692029 is divided by 49430.
9
Calculate the remainder when 3099114 is divided by 16.
10
Calculate the remainder when 437656 is divided by 686.
674
Calculate the remainder when 16649 is divided by 55.
39
Calculate the remainder when 65301 is divided by 5.
1
Calculate the remainder when 2341 is divided by 585.
1
What is the remainder when 5264 is divided by 1315?
4
Calculate the remainder when 650075 is divided by 84.
83
Calculate the remainder when 15455 is divided by 92.
91
What is the remainder when 184594 is divided by 9?
4
What is the remainder when 656285 is divided by 41?
39
What is the remainder when 10831 is divided by 22?
7
What is the remainder when 432922 is divided by 18038?
10
Calculate the remainder when 330663 is divided by 37.
31
What is the remainder when 1475 is divided by 33?
23
Calculate the remainder when 185998 is divided by 40.
38
What is the remainder when 297569 is divided by 195?
194
What is the remainder when 20896 is divided by 38?
34
What is the remainder when 5972 is divided by 1729?
785
Calculate the remainder when 512660 is divided by 36618.
8
What is the remainder when 8867 is divided by 2942?
41
What is the remainder when 4296 is divided by 767?
461
What is the remainder when 15773 is divided by 126?
23
What is the remainder when 5712 is divided by 356?
16
What is the remainder when 1755 is divided by 21?
12
Calculate the remainder when 6194 is divided by 876.
62
What is the remainder when 72567 is divided by 118?
115
What is the remainder when 2360313 is divided by 84?
81
What is the remainder when 24066 is divided by 170?
96
What is the remainder when 373762 is divided by 13?
12
What is the remainder when 1338633 is divided by 13?
10
Calculate the remainder when 192 is divided by 41.
28
What is the remainder when 2253 is divided by 258?
189
What is the remainder when 993 is divided by 77?
69
What is the remainder when 23284 is divided by 2522?
586
What is the remainder when 3614 is divided by 87?
47
Calculate the remainder when 167294 is divided by 57.
56
Calculate the remainder when 72286 is divided by 72286.
0
Calculate the remainder when 2428 is divided by 1196.
36
What is the remainder when 4564 is divided by 469?
343
What is the remainder when 605830 is divided by 31?
28
Calculate the remainder when 2934 is divided by 1057.
820
What is the remainder when 1420 is divided by 174?
28
What is the remainder when 59641 is divided by 29817?
7
What is the remainder when 283 is divided by 18?
13
What is the remainder when 2569 is divided by 429?
424
What is the remainder when 109669 is divided by 616?
21
Calculate the remainder when 940 is divided by 887.
53
What is the remainder when 19954 is divided by 6627?
73
Calculate the remainder when 872 is divided by 413.
46
Calculate the remainder when 79736 is divided by 443.
439
What is the remainder when 250617 is divided by 25061?
7
Calculate the remainder when 2618 is divided by 2012.
606
What is the remainder when 19275 is divided by 2141?
6
What is the remainder when 191750 is divided by 470?
460
What is the remainder when 141658 is divided by 13?
10
Calculate the remainder when 22557 is divided by 7482.
111
Calculate the remainder when 1381 is divided by 348.
337
What is the remainder when 13864 is divided by 49?
46
What is the remainder when 5737 is divided by 207?
148
Calculate the remainder when 3282 is divided by 90.
42
What is the remainder when 25438 is divided by 3176?
30
What is the remainder when 11217 is divided by 3405?
1002
What is the remainder when 5935 is divided by 5915?
20
What is the remainder when 1243 is divided by 1231?
12
Calculate the remainder when 34606 is divided by 237.
4
What is the remainder when 61245 is divided by 271?
270
Calculate the remainder when 3332147 is divided by 23.
22
Calculate the remainder when 25143 is divided by 7.
6
Calculate the remainder when 96097 is divided by 3843.
22
What is the remainder when 33256 is divided by 121?
102
Calculate the remainder when 5020 i